-3 - 13) + (4 - -3) - (-18 - 39).
48
Calculate (32 + -7 + -5 - (-1 - -8)) + -1 + -6.
6
-44 + (43 - (-10 + 17 + -6 - -21))
-23
Calculate 74 + -103 - (-2 + 11 + -11).
-27
Evaluate 8 + -81 + 111 + 22.
60
-31 - ((-127 - -73) + -12)
35
What is 4 + -6 + 2 + 29 + -13?
16
Evaluate -18 + (-96 - -123) + (-1 - 45).
-37
What is the value of -10 + -1 + (728 - 739) + -11 + 1 + 6?
-26
Calculate (-1 - 4) + (-100 + 15 - -107).
17
What is the value of -8 - (-15 + (-48 - (-16 - -17))) - -17?
73
What is the value of 50 - -1 - (-4201 - -4209)?
43
-245 + 327 + -2 + -124
-44
(-3 - -3) + 26 - (68 + -55 + 2 + -5)
16
What is -58 - (85 + (-62 - 9))?
-72
What is the value of 322 + -246 - (-3 - -31)?
48
What is (1 - -20 - 1) + (-13 - (281 + -178))?
-96
What is (3 - (3 - 13)) + (11 + 72 - 13)?
83
-14 + -9 + (1 - (5 - -8)) + 30
-5
32 - -2 - 2 - 4 - (43 - (40 - 8))
17
Calculate 37 + (-3 + (-16 - 0) - 4).
14
What is the value of 4 + -5 + (12 - (0 + 14 + -16))?
13
What is the value of 18 - (7 - 2 - (14 + -15)) - (116 - 80)?
-24
Evaluate (-18 - (-22 - -11)) + 2 + -3 + (65 - 8).
49
(-8 - (11 - (-15 + 28))) + (-5 - 0) + 8
-3
What is the value of 87 - (-152 - -73 - -93)?
73
What is 37 + -47 - (-4 + 44 - 3)?
-47
Calculate 0 + -20 + 10 + -9 + 4 + 6 + 59.
50
Evaluate -1 + -136 + 0 + -114 + 366 + -232.
-117
Evaluate (-63 + 77 - ((6 + -4 - 1) + -8)) + 2.
23
What is 1 + (-98 + 13 - -4)?
-80
What is the value of 31 + -23 + -14 + -7 + (32 - -6)?
25
What is the value of -13 + (1 - -1) + -1 + (53865 - 53838)?
15
Evaluate 50 - (30 - -12 - -78).
-70
Calculate 44 - (16 + -3 + -95 + 103).
23
Calculate -107 - (-45 + 77) - (-16 + -17).
-106
What is the value of (31 - (-1 + 44 + -31)) + 48?
67
Evaluate 0 - (3 + -15 - -15 - 8) - (35 - 0).
-30
Calculate -136 - (-18 + -53) - -25.
-40
Evaluate -15 + (-7 - (-5 - -6)) + -14 + 27 - -27.
17
What is the value of 16 + (46 + -96 - -10)?
-24
What is 16 + (-13 + 8 + 10 + 6 - -58)?
85
Calculate (1 + -9 + 1 + -3 - -7) + 45 - 8.
34
Calculate 151 - (88 + -34 - -31).
66
What is the value of (4 + -13 - -23) + -58?
-44
What is -12 - (-19 - (1 + 1 + (-12 - 36 - -36)))?
-3
What is the value of -68 - (7 + (-16 + 9 - 8) + 18)?
-78
(106 - 139) + 26 + -3 + 6
-4
What is -32 + (102 - (12 + 26))?
32
What is 107 + -63 + 1 + (-1298 - -1324)?
71
-12 + -1 - (-1 + 96 + -1132 + 1118)
-94
What is the value of (2 - 0) + 9 + (-23 - -45) + 6?
39
Evaluate 112 - -22 - (-10 - (18 + -24)).
138
Evaluate (-18 + 71 - 61) + 0 + 24 + (-36 - -4).
-16
-10 - ((-31 - (-4 - 16)) + -10 + -1) - -15
27
-1 - 22 - (12 - (-35 - -127))
57
What is the value of 14 + -20 - (-11 + (-7 - 10))?
22
(28 - (11 + (0 - (8 + -8)))) + -88
-71
What is the value of 70 + 79 - 156 - 92?
-99
-21 + (-101 - (-123 - -51))
-50
What is 37 - (-1 - -12 - (52 - 57))?
21
-451 - -492 - (1 - 4)
44
What is the value of 85 - (-166 - -237) - (156 - -3)?
-145
What is (3 + -3 - 66) + (54 - 55 - -3)?
-64
Calculate (42 - (17 + 12)) + 3.
16
Calculate -52 - -82 - 28 - (-3 - -27).
-22
Calculate (-45 - -60 - (40 - 12)) + -34.
-47
What is 2 + -22 - -25 - 16 - 12?
-23
What is the value of -67 + 1 + -2915 + 3018?
37
What is the value of (91 + 1 - 134) + 115?
73
-9 - (104 + -94 - (-5 - -2 - -46) - 9)
33
(68 + 99 - 79) + -2
86
Calculate -1631 + 1562 + (41 - 0).
-28
Evaluate 31 + (19 - 51 - (-83 - -13)).
69
What is 43 + -125 + 81 + -2?
-3
What is the value of -16 - ((27 - (-13 + -4 + 17)) + -21 + 5)?
-27
What is the value of -3 + 1 + -68 - (-3 + 18 + -13)?
-72
Evaluate 121 - (118 + 6) - (1 + -119).
115
-4 + 53 + -17 - (-5 + (5 - 16) + 5)
43
What is -16 + 56 + -31 + -13?
-4
What is 64 - (-111 + (111 - -24))?
40
Evaluate (143 - 67 - 58) + -47.
-29
Evaluate 24 - ((-1 - -18) + (101 - 139)).
45
What is -54 + 14 + 5 + -2 + 3 + -10?
-44
What is 159 + -71 + 14 - 36?
66
(3 - 3) + -23 - (-2 + -3 - -3)
-21
(13 - 56) + (74 - 50) + 77
58
14 + (83 - 99) + -88
-90
Calculate 15 - (48 + -70 + 31 - (-71 - -2)).
-63
51 + -34 - 39 - 6
-28
What is the value of 47 + (-1 - -10) + 30 - 11?
75
Evaluate -3 - (18 - 24) - ((1 - 0) + 10).
-8
What is (2 - -3) + -28 + (21 - (-16 - -15))?
-1
-117 + 98 - (15 - (1 + 0))
-33
Evaluate 12 - (-36 - 11) - ((-10 - -1) + (14 - -1)).
53
-40 - -1 - (35 - (46 - 6))
-34
-11 - (44 + -5 + -56)
6
What is -30 + (-1 - (1 + (-7 - -13 - -1)))?
-39
What is the value of 8 + -7 + 35 + (-12 - -25 - 0)?
49
What is (27 - (19 + -25) - -31) + 30?
94
What is the value of (2 - -6) + -78 + (-10 - 15) + 52?
-43
What is the value of (-38 - (27 + -94)) + 18?
47
0 + (8 - -6) + -21 + (-4 - -53)
42
(-23 - (13 + -34)) + (-5 - -112) + 13
118
Calculate -41 + -78 + -1 + 139.
19
What is the value of 39 + (-6 - 23 - 0)?
10
5293 + -5307 - (-2 - (-3 - -5 - 37))
-47
What is the value of (112 + -91 - (25 - 3)) + 12?
11
Evaluate -9 + (54 - (4 + 5 + -21 + (2 - -3))).
52
-32 - (9 - (120 - 1 - 14))
64
What is (-13 - (5 + -12 + 8)) + 13 - 24?
-25
Calculate (-42 - (-5 - (-6 - -34))) + 59 + 5 + -2.
53
What is the value of -153 + -103 + (199 - 17)?
-74
Calculate -150 - (-177 + 13 - -93).
-79
Calculate -35 - (8 - (-446 + 448 - (-1 - -1))).
-41
(-42 - -35) + 50 + (-22 - -61)
82
Calculate -4 + 26 + (-80 - -5).
-53
What is the value of -6 + 128 - (-460 + 518)?
64
-58 - (7 - (8 + (9 + 2 - 3) + -13))
-62
Calculate (-16 - (-9 - -3) - 4) + (9 - 9).
-14
What is the value of 3 - (2 + 13) - (-358 - -337)?
9
Evaluate (8 + 4 - (14 + 11 + -17)) + 33.
37
-1 + 1 - (-26 + -37 + 99 + -40)
4
Evaluate (21 - (-6 - (4 - 13 - 8))) + (4 - -57).
71
Evaluate (13 - 34) + 15 + (-4 - 1 - -13).
2
What is the value of 3 - (64 + -61) - (-6 + 1 - (-1 - -2))?
6
Evaluate 79 - 3 - (-746 + 789).
33
4 + 1 - (36 + -81 + 67)
-17
-8 - -8 - -3 - -22 - (11 - 7)
21
Evaluate -19 + -41 + 57 - (4 + 16).
-23
Calculate -33 + 18 + -13 + -1 + 13 - -43.
27
Evaluate ((19 - 19) + -31 - -14) + -59 + -1.
-77
Calculate -48 - (-56 + (38 - 41) + 16).
-5
Evaluate 9 + (4 - -10) + 58.
81
Calculate 406 - 314 - (92 + 16).
-16
What is the value of (3 - -1 - -74 - (88 + -75)) + -8?
57
What is the value of -19 + 15 + -34 + 8 + 19?
-11
What is -16 + (0 - (-5 + (0 - (63 + 1))))?
53
Evaluate -16 + (-14 - -12) + 6 + 21 + -3.
6
What is the value of 2 - 9 - (-42 + 38 + (1 - 9))?
5
(25 - -4) + (-65 - -43)
7
What is 5 - ((126 + -218 - (-17 - -2)) + -1)?
83
What is (22 - (22 - (-8 - -33))) + 45 + -15?
55
What is 4 + -621 + 643 + -69 + 1?
-42
Calculate (-13 - (-105 - -13)) + -27 + 13.
65
Calculate -34 + 42 + 73 + -104.
-23
1 + 2 - (-453 - -480)
-24
What is the value of 0 - 7 - (-2 + 1) - (-420 - -379)?
35
Evaluate 9 - (-14 + -14 + -9 + 16).
30
9 + (-89 - -32) - (83 + -186)
55
4 + 18 - -74 - 68
28
Calculate -22 - (3 - (-31 - -24 - -24)).
-8
What is 2 - -1 - (3 - (-11 - (25 + -26)))?
-10
What is the value of (-18 - (5 - 2)) + (-64 - -57 - 2)?
-30
Calculate 10 + (-1 - -2 - 38 - ((102 - 99) + -2)).
-28
Calculate -11 + 58 + (-16 - 1) - 12.
18
Calculate -7 + -3 - (-14 - -14) - (-2 - (-3 - 7)).
-18
(81 - 76) + -2 + -13 + -1
-11
(-16 - (23 - (67 - 18))) + (-34 - -2) + 0
-22
What is -56 - (-36 - (-63 - -52))?
-31
Calculate -6 - (-2 + 32 - (230 - 68)).
126
Evaluate (58 - -15) + -76 - (-30 - -1).
26
Evaluate 1 + 69 - (875 + -838).
33
-5 - (-5 + 1) - -6 - (475 - 500)
30
Calculate 56 - 2 - (45 + 149 + -180).
40
What is the value of (63 + -13 - 3) + 4?
51
What is (-55 - (58 - 38)) + 0 + 24 + -4?
-55
What is -23 + 35 - 69 - ((-9 - -18) + -16)?
-50
Calculate (-35 + (-1 - -34) - (-3 + -74)) + 12.
87
10 - -18 - 18 - (5 + 68 + 6)
-69
Calculate 49 - -13 - (-124 - -194).
-8
Calculate 44 + -21 + 21 + 7.
51
What is -1 - 1 - 29 - (-13765 + 13768)?
-34
What is the value of (-10 - -4) + 36 + -15 + -3?
12
Evaluate -21 - -71 - ((88 - 31) + -29).
22
Calculate (88 - (159 + -75)) + 40 + -1 + 1.
44
Calculate -267 + 96 + 138 - (2 - 46).
11
What is the value of (-186 + 77 - -112) + -100?
-97
What is the value of (-1 - -44 - 3) + 3 + -1325 + 1334?
52
Calculate -8 + (-17 - -10 - -24 - 17).
-8
What is the value of 2 - (0 + -3 - -34 - ((9 - 6) + 5))?
-21
What is 10 + -12 - (24 + (-33 - -21) + -21 + 0)?
7
What is 24 - (40 + (61 + -16 - 22))?
-39
Evaluate -46 + -38 + 25 + -18 + 20.
-57
What is the value of (-2 + 6 - 4) + 8 - 5 - (32 - 19)?
-10
What is 4 + -1 + -25 + 15 - (23 + -26 + -12)?
8
Evaluate 1278 + -1367 - (-1 - 30).
-58
What is (-21 - -30) + (23 - 19) + -1 + -17 + 0?
-5
-52 - (-44 - 87) 